{"id":1629,"date":"2022-12-02T05:11:01","date_gmt":"2022-12-02T05:11:01","guid":{"rendered":"https:\/\/presur.cl\/?post_type=product&#038;p=1629"},"modified":"2026-03-05T14:30:59","modified_gmt":"2026-03-05T14:30:59","slug":"tobogan-hormigon","status":"publish","type":"product","link":"https:\/\/presur.cl\/?product=tobogan-hormigon","title":{"rendered":"TOBOG\u00c1N HORMIG\u00d3N"},"content":{"rendered":"<p><strong>MATERIAL:<\/strong>\u00a0Hormig\u00f3n gran\u00edtico<br \/>\n<strong>ESTRUCTURA:<\/strong>\u00a0Monol\u00edto armado<br \/>\n<strong>TERMINACI\u00d3N<\/strong>: Gran\u00edtico pulido\/ Liso<br \/>\n<strong>INSTALACI\u00d3N:<\/strong>\u00a0Anclado con esp\u00e1rragos<\/p>\n<p><strong>PESO:<\/strong>\u00a0 1600 Kg<\/p>\n<p><strong>DIMENSIONES:<\/strong>445 x 66 x 150h<\/p>\n<p><strong>OBSERVACI\u00d3N:<\/strong> Compuesto por 6 m\u00f3dulos<\/p>\n<p><a href=\"https:\/\/presur.cl\/wp-content\/uploads\/2026\/03\/TOBOGAN-1.pdf\">ESPECIFICACI\u00d3N T\u00c9CNICA TOBOGAN<\/a><\/p>\n","protected":false},"excerpt":{"rendered":"<p>MATERIAL:\u00a0Hormig\u00f3n gran\u00edtico ESTRUCTURA:\u00a0Monol\u00edto armado TERMINACI\u00d3N: Gran\u00edtico pulido\/ Liso INSTALACI\u00d3N:\u00a0Anclado con esp\u00e1rragos PESO:\u00a0 1600 Kg DIMENSIONES:445 x 66 x 150h OBSERVACI\u00d3N: Compuesto por 6 m\u00f3dulos ESPECIFICACI\u00d3N T\u00c9CNICA TOBOGAN<\/p>\n","protected":false},"featured_media":1630,"template":"","meta":{"jetpack_publicize_message":"","jetpack_is_tweetstorm":false,"jetpack_publicize_feature_enabled":true,"jetpack_social_post_already_shared":true,"jetpack_social_options":{"image_generator_settings":{"template":"highway","enabled":false}}},"product_cat":[36],"product_tag":[],"jetpack_publicize_connections":[],"jetpack_sharing_enabled":true,"_links":{"self":[{"href":"https:\/\/presur.cl\/index.php?rest_route=\/wp\/v2\/product\/1629"}],"collection":[{"href":"https:\/\/presur.cl\/index.php?rest_route=\/wp\/v2\/product"}],"about":[{"href":"https:\/\/presur.cl\/index.php?rest_route=\/wp\/v2\/types\/product"}],"version-history":[{"count":6,"href":"https:\/\/presur.cl\/index.php?rest_route=\/wp\/v2\/product\/1629\/revisions"}],"predecessor-version":[{"id":3424,"href":"https:\/\/presur.cl\/index.php?rest_route=\/wp\/v2\/product\/1629\/revisions\/3424"}],"wp:featuredmedia":[{"embeddable":true,"href":"https:\/\/presur.cl\/index.php?rest_route=\/wp\/v2\/media\/1630"}],"wp:attachment":[{"href":"https:\/\/presur.cl\/index.php?rest_route=%2Fwp%2Fv2%2Fmedia&parent=1629"}],"wp:term":[{"taxonomy":"product_cat","embeddable":true,"href":"https:\/\/presur.cl\/index.php?rest_route=%2Fwp%2Fv2%2Fproduct_cat&post=1629"},{"taxonomy":"product_tag","embeddable":true,"href":"https:\/\/presur.cl\/index.php?rest_route=%2Fwp%2Fv2%2Fproduct_tag&post=1629"}],"curies":[{"name":"wp","href":"https:\/\/api.w.org\/{rel}","templated":true}]}}