{"id":1736,"date":"2022-12-06T14:56:07","date_gmt":"2022-12-06T14:56:07","guid":{"rendered":"https:\/\/presur.cl\/?post_type=product&#038;p=1736"},"modified":"2024-05-08T16:45:16","modified_gmt":"2024-05-08T16:45:16","slug":"papelera-mirador-recta-100","status":"publish","type":"product","link":"https:\/\/presur.cl\/?product=papelera-mirador-recta-100","title":{"rendered":"PAPELERO RECTO MIRADOR"},"content":{"rendered":"<p><strong>MATERIAL:<\/strong>\u00a0Hormig\u00f3n gran\u00edtico<br \/>\n<strong>ESTRUCTURA:<\/strong>\u00a0Monol\u00edto armado<br \/>\n<strong>TERMINACI\u00d3N<\/strong>: Gran\u00edtico pulido\/ Liso<br \/>\n<strong>INSTALACI\u00d3N:<\/strong> Anclado con esp\u00e1rragos<br \/>\n<strong>PESO:<\/strong> 190 kg.<br \/>\n<strong>DIMENSIONES<\/strong>: 51 x 51 x 110h Apr\u00f3x.<\/p>\n<p><a href=\"https:\/\/presur.cl\/wp-content\/uploads\/2022\/12\/papelero-mirador.pdf\">ESPECIFICACI\u00d3N T\u00c9CNICA PAPELERO MIRADOR RECTO 100<\/a><\/p>\n","protected":false},"excerpt":{"rendered":"<p>MATERIAL:\u00a0Hormig\u00f3n gran\u00edtico ESTRUCTURA:\u00a0Monol\u00edto armado TERMINACI\u00d3N: Gran\u00edtico pulido\/ Liso INSTALACI\u00d3N: Anclado con esp\u00e1rragos PESO: 190 kg. DIMENSIONES: 51 x 51 x 110h Apr\u00f3x. ESPECIFICACI\u00d3N T\u00c9CNICA PAPELERO MIRADOR RECTO 100<\/p>\n","protected":false},"featured_media":1737,"template":"","meta":{"jetpack_publicize_message":"","jetpack_is_tweetstorm":false,"jetpack_publicize_feature_enabled":true,"jetpack_social_post_already_shared":true,"jetpack_social_options":{"image_generator_settings":{"template":"highway","enabled":false}}},"product_cat":[27],"product_tag":[],"jetpack_publicize_connections":[],"jetpack_sharing_enabled":true,"_links":{"self":[{"href":"https:\/\/presur.cl\/index.php?rest_route=\/wp\/v2\/product\/1736"}],"collection":[{"href":"https:\/\/presur.cl\/index.php?rest_route=\/wp\/v2\/product"}],"about":[{"href":"https:\/\/presur.cl\/index.php?rest_route=\/wp\/v2\/types\/product"}],"version-history":[{"count":5,"href":"https:\/\/presur.cl\/index.php?rest_route=\/wp\/v2\/product\/1736\/revisions"}],"predecessor-version":[{"id":2669,"href":"https:\/\/presur.cl\/index.php?rest_route=\/wp\/v2\/product\/1736\/revisions\/2669"}],"wp:featuredmedia":[{"embeddable":true,"href":"https:\/\/presur.cl\/index.php?rest_route=\/wp\/v2\/media\/1737"}],"wp:attachment":[{"href":"https:\/\/presur.cl\/index.php?rest_route=%2Fwp%2Fv2%2Fmedia&parent=1736"}],"wp:term":[{"taxonomy":"product_cat","embeddable":true,"href":"https:\/\/presur.cl\/index.php?rest_route=%2Fwp%2Fv2%2Fproduct_cat&post=1736"},{"taxonomy":"product_tag","embeddable":true,"href":"https:\/\/presur.cl\/index.php?rest_route=%2Fwp%2Fv2%2Fproduct_tag&post=1736"}],"curies":[{"name":"wp","href":"https:\/\/api.w.org\/{rel}","templated":true}]}}