{"id":2279,"date":"2024-02-15T13:53:10","date_gmt":"2024-02-15T13:53:10","guid":{"rendered":"https:\/\/presur.cl\/?post_type=product&#038;p=2279"},"modified":"2025-04-08T21:26:36","modified_gmt":"2025-04-08T21:26:36","slug":"bebedero-triple-circular","status":"publish","type":"product","link":"https:\/\/presur.cl\/?product=bebedero-triple-circular","title":{"rendered":"BEBEDERO TRIPLE CIRCULAR"},"content":{"rendered":"<p><strong>MATERIAL:<\/strong> Hormig\u00f3n gran\u00edtico<\/p>\n<p><strong>ESTRUCTURA<\/strong>: Monolito armado<\/p>\n<p><strong>TERMINACI\u00d3N:<\/strong> Gran\u00edtico pulido\/liso<\/p>\n<p><strong>INSTALACI\u00d3N:<\/strong> Anclado con esp\u00e1rragos<\/p>\n<p><strong>PESO:<\/strong> 250 kg.<\/p>\n<p><strong>DIMENSIONES<\/strong>: 120 X 40 X 100h Apr\u00f3x.<\/p>\n<p><strong><em><a href=\"https:\/\/presur.cl\/wp-content\/uploads\/2024\/02\/BEBEDERO-TRIPLE-CILINDRICO-1.pdf\">ESPECIFICACI\u00d3N T\u00c9CNICA BEBEDERO TRIPLE CIRCULAR<\/a><\/em><\/strong><\/p>\n","protected":false},"excerpt":{"rendered":"<p>MATERIAL: Hormig\u00f3n gran\u00edtico ESTRUCTURA: Monolito armado TERMINACI\u00d3N: Gran\u00edtico pulido\/liso INSTALACI\u00d3N: Anclado con esp\u00e1rragos PESO: 250 kg. DIMENSIONES: 120 X 40 X 100h Apr\u00f3x. ESPECIFICACI\u00d3N T\u00c9CNICA BEBEDERO TRIPLE CIRCULAR<\/p>\n","protected":false},"featured_media":2281,"template":"","meta":{"jetpack_publicize_message":"","jetpack_is_tweetstorm":false,"jetpack_publicize_feature_enabled":true,"jetpack_social_post_already_shared":true,"jetpack_social_options":{"image_generator_settings":{"template":"highway","enabled":false}}},"product_cat":[28],"product_tag":[],"jetpack_publicize_connections":[],"jetpack_sharing_enabled":true,"_links":{"self":[{"href":"https:\/\/presur.cl\/index.php?rest_route=\/wp\/v2\/product\/2279"}],"collection":[{"href":"https:\/\/presur.cl\/index.php?rest_route=\/wp\/v2\/product"}],"about":[{"href":"https:\/\/presur.cl\/index.php?rest_route=\/wp\/v2\/types\/product"}],"version-history":[{"count":5,"href":"https:\/\/presur.cl\/index.php?rest_route=\/wp\/v2\/product\/2279\/revisions"}],"predecessor-version":[{"id":3060,"href":"https:\/\/presur.cl\/index.php?rest_route=\/wp\/v2\/product\/2279\/revisions\/3060"}],"wp:featuredmedia":[{"embeddable":true,"href":"https:\/\/presur.cl\/index.php?rest_route=\/wp\/v2\/media\/2281"}],"wp:attachment":[{"href":"https:\/\/presur.cl\/index.php?rest_route=%2Fwp%2Fv2%2Fmedia&parent=2279"}],"wp:term":[{"taxonomy":"product_cat","embeddable":true,"href":"https:\/\/presur.cl\/index.php?rest_route=%2Fwp%2Fv2%2Fproduct_cat&post=2279"},{"taxonomy":"product_tag","embeddable":true,"href":"https:\/\/presur.cl\/index.php?rest_route=%2Fwp%2Fv2%2Fproduct_tag&post=2279"}],"curies":[{"name":"wp","href":"https:\/\/api.w.org\/{rel}","templated":true}]}}