{"id":2316,"date":"2024-03-18T16:15:02","date_gmt":"2024-03-18T16:15:02","guid":{"rendered":"https:\/\/presur.cl\/?post_type=product&#038;p=2316"},"modified":"2025-08-21T23:30:22","modified_gmt":"2025-08-21T23:30:22","slug":"bicicletero-para-8","status":"publish","type":"product","link":"https:\/\/presur.cl\/?product=bicicletero-para-8","title":{"rendered":"BICICLETERO DOBLE PARA 8"},"content":{"rendered":"<p><strong>MATERIAL:<\/strong> Acero galvanizado<\/p>\n<p><strong>CAPACIDAD<\/strong>: 1 &#8211; 8 Bicicletas<\/p>\n<p><strong>PESO:<\/strong> &#8211; Kg.<\/p>\n<p><strong>DIMENSIONES<\/strong>: 360 x 067 x 070 h<\/p>\n<p><strong>ESPECIFICACIONES T\u00c9CNICAS: <\/strong><\/p>\n<ul>\n<li>ESTRUCTURA BASE: Ca\u00f1er\u00eda ISO65 \u00d82&#8243; MU<\/li>\n<li>COLORES DE TERMINACI\u00d3N: Negro, Gris, Verde<\/li>\n<\/ul>\n<p><a href=\"https:\/\/presur.cl\/wp-content\/uploads\/2024\/03\/BICICLETERO-DOBLE-PARA-8-2.pdf\">ESPECIFICACI\u00d3N T\u00c9CNICA_BICICLETERO DOBLE PARA 8<\/a><\/p>\n","protected":false},"excerpt":{"rendered":"<p>MATERIAL: Acero galvanizado CAPACIDAD: 1 &#8211; 8 Bicicletas PESO: &#8211; Kg. DIMENSIONES: 360 x 067 x 070 h ESPECIFICACIONES T\u00c9CNICAS: ESTRUCTURA BASE: Ca\u00f1er\u00eda ISO65 \u00d82&#8243; MU COLORES DE TERMINACI\u00d3N: Negro, Gris, Verde ESPECIFICACI\u00d3N T\u00c9CNICA_BICICLETERO DOBLE PARA 8<\/p>\n","protected":false},"featured_media":2240,"template":"","meta":{"jetpack_publicize_message":"","jetpack_is_tweetstorm":false,"jetpack_publicize_feature_enabled":true,"jetpack_social_post_already_shared":true,"jetpack_social_options":{"image_generator_settings":{"template":"highway","enabled":false}}},"product_cat":[36,47],"product_tag":[],"jetpack_publicize_connections":[],"jetpack_sharing_enabled":true,"_links":{"self":[{"href":"https:\/\/presur.cl\/index.php?rest_route=\/wp\/v2\/product\/2316"}],"collection":[{"href":"https:\/\/presur.cl\/index.php?rest_route=\/wp\/v2\/product"}],"about":[{"href":"https:\/\/presur.cl\/index.php?rest_route=\/wp\/v2\/types\/product"}],"version-history":[{"count":9,"href":"https:\/\/presur.cl\/index.php?rest_route=\/wp\/v2\/product\/2316\/revisions"}],"predecessor-version":[{"id":3088,"href":"https:\/\/presur.cl\/index.php?rest_route=\/wp\/v2\/product\/2316\/revisions\/3088"}],"wp:featuredmedia":[{"embeddable":true,"href":"https:\/\/presur.cl\/index.php?rest_route=\/wp\/v2\/media\/2240"}],"wp:attachment":[{"href":"https:\/\/presur.cl\/index.php?rest_route=%2Fwp%2Fv2%2Fmedia&parent=2316"}],"wp:term":[{"taxonomy":"product_cat","embeddable":true,"href":"https:\/\/presur.cl\/index.php?rest_route=%2Fwp%2Fv2%2Fproduct_cat&post=2316"},{"taxonomy":"product_tag","embeddable":true,"href":"https:\/\/presur.cl\/index.php?rest_route=%2Fwp%2Fv2%2Fproduct_tag&post=2316"}],"curies":[{"name":"wp","href":"https:\/\/api.w.org\/{rel}","templated":true}]}}