{"id":2430,"date":"2024-04-15T02:55:05","date_gmt":"2024-04-15T02:55:05","guid":{"rendered":"https:\/\/presur.cl\/?post_type=product&#038;p=2430"},"modified":"2025-04-08T21:27:06","modified_gmt":"2025-04-08T21:27:06","slug":"2430","status":"publish","type":"product","link":"https:\/\/presur.cl\/?product=2430","title":{"rendered":"MONOLITO CILINDRICO"},"content":{"rendered":"<p><strong>ESTRUCTURA<\/strong>: Monolito armado<\/p>\n<p><strong>TERMINACI\u00d3N:<\/strong> Gran\u00edtico pulido\/ liso<\/p>\n<p><strong>INSTALACI\u00d3N:<\/strong> Anclado con esp\u00e1rragos<\/p>\n<p><b>PROTECCI\u00d3N:<\/b> Incluye sello anti-graffiti mate transparente<\/p>\n<p><b>EMBALAJE:<\/b> Sobre pallet (2 u por cada pallet)<\/p>\n<p><a href=\"https:\/\/presur.cl\/wp-content\/uploads\/2024\/04\/MONOLITO-CILINDRICO-GENERAL.pdf\">ESPECIFICACI\u00d3N T\u00c9CNICA_MONOLITO C\u00cdLINDRICO GENERAL<\/a><\/p>\n<p><strong>PESO<\/strong> Y\u00a0 <strong>DIMENSI\u00d3N:<\/strong> Consultar cuadro descriptivo<\/p>\n","protected":false},"excerpt":{"rendered":"<p>ESTRUCTURA: Monolito armado TERMINACI\u00d3N: Gran\u00edtico pulido\/ liso INSTALACI\u00d3N: Anclado con esp\u00e1rragos PROTECCI\u00d3N: Incluye sello anti-graffiti mate transparente EMBALAJE: Sobre pallet (2 u por cada pallet) ESPECIFICACI\u00d3N T\u00c9CNICA_MONOLITO C\u00cdLINDRICO GENERAL PESO Y\u00a0 DIMENSI\u00d3N: Consultar cuadro descriptivo<\/p>\n","protected":false},"featured_media":2404,"template":"","meta":{"jetpack_publicize_message":"","jetpack_is_tweetstorm":false,"jetpack_publicize_feature_enabled":true,"jetpack_social_post_already_shared":true,"jetpack_social_options":{"image_generator_settings":{"template":"highway","enabled":false}}},"product_cat":[37],"product_tag":[44],"jetpack_publicize_connections":[],"jetpack_sharing_enabled":true,"_links":{"self":[{"href":"https:\/\/presur.cl\/index.php?rest_route=\/wp\/v2\/product\/2430"}],"collection":[{"href":"https:\/\/presur.cl\/index.php?rest_route=\/wp\/v2\/product"}],"about":[{"href":"https:\/\/presur.cl\/index.php?rest_route=\/wp\/v2\/types\/product"}],"version-history":[{"count":5,"href":"https:\/\/presur.cl\/index.php?rest_route=\/wp\/v2\/product\/2430\/revisions"}],"predecessor-version":[{"id":2902,"href":"https:\/\/presur.cl\/index.php?rest_route=\/wp\/v2\/product\/2430\/revisions\/2902"}],"wp:featuredmedia":[{"embeddable":true,"href":"https:\/\/presur.cl\/index.php?rest_route=\/wp\/v2\/media\/2404"}],"wp:attachment":[{"href":"https:\/\/presur.cl\/index.php?rest_route=%2Fwp%2Fv2%2Fmedia&parent=2430"}],"wp:term":[{"taxonomy":"product_cat","embeddable":true,"href":"https:\/\/presur.cl\/index.php?rest_route=%2Fwp%2Fv2%2Fproduct_cat&post=2430"},{"taxonomy":"product_tag","embeddable":true,"href":"https:\/\/presur.cl\/index.php?rest_route=%2Fwp%2Fv2%2Fproduct_tag&post=2430"}],"curies":[{"name":"wp","href":"https:\/\/api.w.org\/{rel}","templated":true}]}}