{"id":2955,"date":"2025-01-29T19:05:42","date_gmt":"2025-01-29T19:05:42","guid":{"rendered":"https:\/\/presur.cl\/?post_type=product&#038;p=2955"},"modified":"2025-01-29T19:07:44","modified_gmt":"2025-01-29T19:07:44","slug":"asientos-60x60x85","status":"publish","type":"product","link":"https:\/\/presur.cl\/?product=asientos-60x60x85","title":{"rendered":"ASIENTOS 60x60x85"},"content":{"rendered":"<p><strong>MATERIAL:<\/strong> Hormig\u00f3n gran\u00edtico<\/p>\n<p><strong>ESTRUCTURA<\/strong>: Monolito armado<\/p>\n<p><strong>TERMINACI\u00d3N:<\/strong> Gran\u00edtico pulido\/liso<\/p>\n<p><strong>INSTALACI\u00d3N:<\/strong> Anclado con Esp\u00e1rrago<\/p>\n<p><strong>PESO:<\/strong> 270 kg.<\/p>\n<p><strong>DIMENSIONES<\/strong>: 60 x 60 x 85h<\/p>\n<p><a href=\"https:\/\/presur.cl\/wp-content\/uploads\/2025\/01\/ASIENTO-60x60x85.pdf\">ESPECIFICACI\u00d3N T\u00c9CNICA ASIENTO 60x60x85<\/a><\/p>\n","protected":false},"excerpt":{"rendered":"<p>MATERIAL: Hormig\u00f3n gran\u00edtico ESTRUCTURA: Monolito armado TERMINACI\u00d3N: Gran\u00edtico pulido\/liso INSTALACI\u00d3N: Anclado con Esp\u00e1rrago PESO: 270 kg. DIMENSIONES: 60 x 60 x 85h ESPECIFICACI\u00d3N T\u00c9CNICA ASIENTO 60x60x85<\/p>\n","protected":false},"featured_media":2956,"template":"","meta":{"jetpack_publicize_message":"","jetpack_is_tweetstorm":false,"jetpack_publicize_feature_enabled":true,"jetpack_social_post_already_shared":true,"jetpack_social_options":{"image_generator_settings":{"template":"highway","enabled":false}}},"product_cat":[23],"product_tag":[],"jetpack_publicize_connections":[],"jetpack_sharing_enabled":true,"_links":{"self":[{"href":"https:\/\/presur.cl\/index.php?rest_route=\/wp\/v2\/product\/2955"}],"collection":[{"href":"https:\/\/presur.cl\/index.php?rest_route=\/wp\/v2\/product"}],"about":[{"href":"https:\/\/presur.cl\/index.php?rest_route=\/wp\/v2\/types\/product"}],"version-history":[{"count":1,"href":"https:\/\/presur.cl\/index.php?rest_route=\/wp\/v2\/product\/2955\/revisions"}],"predecessor-version":[{"id":2957,"href":"https:\/\/presur.cl\/index.php?rest_route=\/wp\/v2\/product\/2955\/revisions\/2957"}],"wp:featuredmedia":[{"embeddable":true,"href":"https:\/\/presur.cl\/index.php?rest_route=\/wp\/v2\/media\/2956"}],"wp:attachment":[{"href":"https:\/\/presur.cl\/index.php?rest_route=%2Fwp%2Fv2%2Fmedia&parent=2955"}],"wp:term":[{"taxonomy":"product_cat","embeddable":true,"href":"https:\/\/presur.cl\/index.php?rest_route=%2Fwp%2Fv2%2Fproduct_cat&post=2955"},{"taxonomy":"product_tag","embeddable":true,"href":"https:\/\/presur.cl\/index.php?rest_route=%2Fwp%2Fv2%2Fproduct_tag&post=2955"}],"curies":[{"name":"wp","href":"https:\/\/api.w.org\/{rel}","templated":true}]}}