{"id":3083,"date":"2025-03-28T19:00:31","date_gmt":"2025-03-28T19:00:31","guid":{"rendered":"https:\/\/presur.cl\/?post_type=product&#038;p=3083"},"modified":"2026-01-13T14:05:19","modified_gmt":"2026-01-13T14:05:19","slug":"banca-mirador","status":"publish","type":"product","link":"https:\/\/presur.cl\/?product=banca-mirador","title":{"rendered":"BANCA MIRADOR"},"content":{"rendered":"<p><strong>MATERIAL:<\/strong> Hormig\u00f3n gran\u00edtico<\/p>\n<p><strong>ESTRUCTURA<\/strong>: Monolito armado<\/p>\n<p><strong>TERMINACI\u00d3N:<\/strong> Gran\u00edtico pulido<\/p>\n<p><strong>INSTALACI\u00d3N:<\/strong> Anclado con esp\u00e1rragos<\/p>\n<p><strong>PESO:<\/strong> 615 Kg.<\/p>\n<p><strong>DIMENSIONES<\/strong>: 200 x 50 x 45h Apr\u00f3x.<\/p>\n<p><a href=\"https:\/\/presur.cl\/wp-content\/uploads\/2026\/01\/BANCA-MIRADOR-HORMIGON.pdf\">ESPECIFICACI\u00d3N T\u00c9CNICA BANCA MIRADOR-HORMIGON<\/a><\/p>\n","protected":false},"excerpt":{"rendered":"<p>MATERIAL: Hormig\u00f3n gran\u00edtico ESTRUCTURA: Monolito armado TERMINACI\u00d3N: Gran\u00edtico pulido INSTALACI\u00d3N: Anclado con esp\u00e1rragos PESO: 615 Kg. DIMENSIONES: 200 x 50 x 45h Apr\u00f3x. ESPECIFICACI\u00d3N T\u00c9CNICA BANCA MIRADOR-HORMIGON<\/p>\n","protected":false},"featured_media":3415,"template":"","meta":{"jetpack_publicize_message":"","jetpack_is_tweetstorm":false,"jetpack_publicize_feature_enabled":true,"jetpack_social_post_already_shared":true,"jetpack_social_options":{"image_generator_settings":{"template":"highway","enabled":false}}},"product_cat":[23],"product_tag":[],"jetpack_publicize_connections":[],"jetpack_sharing_enabled":true,"_links":{"self":[{"href":"https:\/\/presur.cl\/index.php?rest_route=\/wp\/v2\/product\/3083"}],"collection":[{"href":"https:\/\/presur.cl\/index.php?rest_route=\/wp\/v2\/product"}],"about":[{"href":"https:\/\/presur.cl\/index.php?rest_route=\/wp\/v2\/types\/product"}],"version-history":[{"count":2,"href":"https:\/\/presur.cl\/index.php?rest_route=\/wp\/v2\/product\/3083\/revisions"}],"predecessor-version":[{"id":3421,"href":"https:\/\/presur.cl\/index.php?rest_route=\/wp\/v2\/product\/3083\/revisions\/3421"}],"wp:featuredmedia":[{"embeddable":true,"href":"https:\/\/presur.cl\/index.php?rest_route=\/wp\/v2\/media\/3415"}],"wp:attachment":[{"href":"https:\/\/presur.cl\/index.php?rest_route=%2Fwp%2Fv2%2Fmedia&parent=3083"}],"wp:term":[{"taxonomy":"product_cat","embeddable":true,"href":"https:\/\/presur.cl\/index.php?rest_route=%2Fwp%2Fv2%2Fproduct_cat&post=3083"},{"taxonomy":"product_tag","embeddable":true,"href":"https:\/\/presur.cl\/index.php?rest_route=%2Fwp%2Fv2%2Fproduct_tag&post=3083"}],"curies":[{"name":"wp","href":"https:\/\/api.w.org\/{rel}","templated":true}]}}