{"id":3109,"date":"2025-04-14T15:25:22","date_gmt":"2025-04-14T15:25:22","guid":{"rendered":"https:\/\/presur.cl\/?post_type=product&#038;p=3109"},"modified":"2025-04-22T15:44:47","modified_gmt":"2025-04-22T15:44:47","slug":"3109","status":"publish","type":"product","link":"https:\/\/presur.cl\/?product=3109","title":{"rendered":"BANCA PUCURA CURVA 220 CON MADERA NATIVA O BIOPOLIM\u00c9RICA"},"content":{"rendered":"<p><strong>MATERIAL:<\/strong> Hormig\u00f3n gran\u00edtico y madera nativa o biopol\u00edmerica<\/p>\n<p><strong>ESTRUCTURA<\/strong>: Monolito armado<\/p>\n<p><strong>TERMINACI\u00d3N:<\/strong> Gran\u00edtico pulido<\/p>\n<p><strong>INSTALACI\u00d3N:<\/strong> Anclado con esp\u00e1rragos<\/p>\n<p><strong>PESO:<\/strong> 650 Kg.<\/p>\n<p><strong>DIMENSIONES<\/strong>: 220x60x70h<\/p>\n<p><a href=\"https:\/\/presur.cl\/wp-content\/uploads\/2025\/04\/BANCA-PUCURA-220_curva-CON-RESPALDO-MADERA_.pdf\">ESPECIFICACI\u00d3N T\u00c9CNICA BANCA-PUCURA-220_curva-CON-RESPALDO-MADERA_<\/a><\/p>\n","protected":false},"excerpt":{"rendered":"<p>MATERIAL: Hormig\u00f3n gran\u00edtico y madera nativa o biopol\u00edmerica ESTRUCTURA: Monolito armado TERMINACI\u00d3N: Gran\u00edtico pulido INSTALACI\u00d3N: Anclado con esp\u00e1rragos PESO: 650 Kg. DIMENSIONES: 220x60x70h ESPECIFICACI\u00d3N T\u00c9CNICA BANCA-PUCURA-220_curva-CON-RESPALDO-MADERA_<\/p>\n","protected":false},"featured_media":3108,"template":"","meta":{"jetpack_publicize_message":"","jetpack_is_tweetstorm":false,"jetpack_publicize_feature_enabled":true,"jetpack_social_post_already_shared":true,"jetpack_social_options":{"image_generator_settings":{"template":"highway","enabled":false}}},"product_cat":[23],"product_tag":[],"jetpack_publicize_connections":[],"jetpack_sharing_enabled":true,"_links":{"self":[{"href":"https:\/\/presur.cl\/index.php?rest_route=\/wp\/v2\/product\/3109"}],"collection":[{"href":"https:\/\/presur.cl\/index.php?rest_route=\/wp\/v2\/product"}],"about":[{"href":"https:\/\/presur.cl\/index.php?rest_route=\/wp\/v2\/types\/product"}],"version-history":[{"count":4,"href":"https:\/\/presur.cl\/index.php?rest_route=\/wp\/v2\/product\/3109\/revisions"}],"predecessor-version":[{"id":3117,"href":"https:\/\/presur.cl\/index.php?rest_route=\/wp\/v2\/product\/3109\/revisions\/3117"}],"wp:featuredmedia":[{"embeddable":true,"href":"https:\/\/presur.cl\/index.php?rest_route=\/wp\/v2\/media\/3108"}],"wp:attachment":[{"href":"https:\/\/presur.cl\/index.php?rest_route=%2Fwp%2Fv2%2Fmedia&parent=3109"}],"wp:term":[{"taxonomy":"product_cat","embeddable":true,"href":"https:\/\/presur.cl\/index.php?rest_route=%2Fwp%2Fv2%2Fproduct_cat&post=3109"},{"taxonomy":"product_tag","embeddable":true,"href":"https:\/\/presur.cl\/index.php?rest_route=%2Fwp%2Fv2%2Fproduct_tag&post=3109"}],"curies":[{"name":"wp","href":"https:\/\/api.w.org\/{rel}","templated":true}]}}