{"id":3229,"date":"2025-08-21T23:15:39","date_gmt":"2025-08-21T23:15:39","guid":{"rendered":"https:\/\/presur.cl\/?post_type=product&#038;p=3229"},"modified":"2025-08-21T23:15:39","modified_gmt":"2025-08-21T23:15:39","slug":"fogon-homigon-a-medida","status":"publish","type":"product","link":"https:\/\/presur.cl\/?product=fogon-homigon-a-medida","title":{"rendered":"FOG\u00d3N HOMIG\u00d3N A MEDIDA"},"content":{"rendered":"<p><strong>MATERIAL:<\/strong> Hormig\u00f3n gran\u00edtico<\/p>\n<p><strong>TERMINACI\u00d3N:<\/strong> Monol\u00edto armado<\/p>\n<p><strong>TIPO DE ANCLAJE:<\/strong> Gran\u00edtico pulido<\/p>\n<p><strong>PESO:<\/strong> &#8211; Kg.<\/p>\n<p><strong>DIMENSIONES<\/strong>: 250 x 250 x 80h<\/p>\n<p><a href=\"https:\/\/presur.cl\/wp-content\/uploads\/2025\/08\/fogon-a-medida-hormigon.pdf\">ESPECIFICACI\u00d3N T\u00c9CNICA DE FOG\u00d3N A MEDIDA HORMMIG\u00d3N<\/a><\/p>\n","protected":false},"excerpt":{"rendered":"<p>MATERIAL: Hormig\u00f3n gran\u00edtico TERMINACI\u00d3N: Monol\u00edto armado TIPO DE ANCLAJE: Gran\u00edtico pulido PESO: &#8211; Kg. DIMENSIONES: 250 x 250 x 80h ESPECIFICACI\u00d3N T\u00c9CNICA DE FOG\u00d3N A MEDIDA HORMMIG\u00d3N<\/p>\n","protected":false},"featured_media":3231,"template":"","meta":{"jetpack_publicize_message":"","jetpack_is_tweetstorm":false,"jetpack_publicize_feature_enabled":true,"jetpack_social_post_already_shared":true,"jetpack_social_options":{"image_generator_settings":{"template":"highway","enabled":false}}},"product_cat":[36],"product_tag":[],"jetpack_publicize_connections":[],"jetpack_sharing_enabled":true,"_links":{"self":[{"href":"https:\/\/presur.cl\/index.php?rest_route=\/wp\/v2\/product\/3229"}],"collection":[{"href":"https:\/\/presur.cl\/index.php?rest_route=\/wp\/v2\/product"}],"about":[{"href":"https:\/\/presur.cl\/index.php?rest_route=\/wp\/v2\/types\/product"}],"version-history":[{"count":1,"href":"https:\/\/presur.cl\/index.php?rest_route=\/wp\/v2\/product\/3229\/revisions"}],"predecessor-version":[{"id":3232,"href":"https:\/\/presur.cl\/index.php?rest_route=\/wp\/v2\/product\/3229\/revisions\/3232"}],"wp:featuredmedia":[{"embeddable":true,"href":"https:\/\/presur.cl\/index.php?rest_route=\/wp\/v2\/media\/3231"}],"wp:attachment":[{"href":"https:\/\/presur.cl\/index.php?rest_route=%2Fwp%2Fv2%2Fmedia&parent=3229"}],"wp:term":[{"taxonomy":"product_cat","embeddable":true,"href":"https:\/\/presur.cl\/index.php?rest_route=%2Fwp%2Fv2%2Fproduct_cat&post=3229"},{"taxonomy":"product_tag","embeddable":true,"href":"https:\/\/presur.cl\/index.php?rest_route=%2Fwp%2Fv2%2Fproduct_tag&post=3229"}],"curies":[{"name":"wp","href":"https:\/\/api.w.org\/{rel}","templated":true}]}}