{"id":421,"date":"2022-11-17T23:36:04","date_gmt":"2022-11-17T23:36:04","guid":{"rendered":"https:\/\/presur.cl\/?post_type=product&#038;p=421"},"modified":"2025-01-23T17:24:38","modified_gmt":"2025-01-23T17:24:38","slug":"banca-cubo-loncoche-l2","status":"publish","type":"product","link":"https:\/\/presur.cl\/?product=banca-cubo-loncoche-l2","title":{"rendered":"BANCA CUBO LONCOCHE L2"},"content":{"rendered":"<p><strong>MATERIAL:<\/strong> Hormig\u00f3n gran\u00edtico<br \/>\n<strong>ESTRUCTURA:<\/strong> Monol\u00edto armado<br \/>\n<strong>TERMINACI\u00d3N<\/strong>: Gran\u00edtico pulido<br \/>\n<strong>INSTALACI\u00d3N:<\/strong> Anclado con esp\u00e1rragos<br \/>\n<strong>PESO:<\/strong> 350 kg.<br \/>\n<strong>DIMENSIONES<\/strong>: 80 x 40 x 45h apr\u00f3x<\/p>\n<p><strong><em><a href=\"https:\/\/presur.cl\/wp-content\/uploads\/2022\/11\/BANCA-CUBO-LONCOCHE-L2-1.pdf\">ESPECIFICACI\u00d3N T\u00c9CNICA BANCA CUBO LONCOCHE L2<\/a><\/em><\/strong><\/p>\n","protected":false},"excerpt":{"rendered":"<p>MATERIAL: Hormig\u00f3n gran\u00edtico ESTRUCTURA: Monol\u00edto armado TERMINACI\u00d3N: Gran\u00edtico pulido INSTALACI\u00d3N: Anclado con esp\u00e1rragos PESO: 350 kg. DIMENSIONES: 80 x 40 x 45h apr\u00f3x ESPECIFICACI\u00d3N T\u00c9CNICA BANCA CUBO LONCOCHE L2<\/p>\n","protected":false},"featured_media":423,"template":"","meta":{"jetpack_publicize_message":"","jetpack_is_tweetstorm":false,"jetpack_publicize_feature_enabled":true,"jetpack_social_post_already_shared":false,"jetpack_social_options":{"image_generator_settings":{"template":"highway","enabled":false}}},"product_cat":[36,23],"product_tag":[],"jetpack_publicize_connections":[],"jetpack_sharing_enabled":true,"_links":{"self":[{"href":"https:\/\/presur.cl\/index.php?rest_route=\/wp\/v2\/product\/421"}],"collection":[{"href":"https:\/\/presur.cl\/index.php?rest_route=\/wp\/v2\/product"}],"about":[{"href":"https:\/\/presur.cl\/index.php?rest_route=\/wp\/v2\/types\/product"}],"version-history":[{"count":5,"href":"https:\/\/presur.cl\/index.php?rest_route=\/wp\/v2\/product\/421\/revisions"}],"predecessor-version":[{"id":2918,"href":"https:\/\/presur.cl\/index.php?rest_route=\/wp\/v2\/product\/421\/revisions\/2918"}],"wp:featuredmedia":[{"embeddable":true,"href":"https:\/\/presur.cl\/index.php?rest_route=\/wp\/v2\/media\/423"}],"wp:attachment":[{"href":"https:\/\/presur.cl\/index.php?rest_route=%2Fwp%2Fv2%2Fmedia&parent=421"}],"wp:term":[{"taxonomy":"product_cat","embeddable":true,"href":"https:\/\/presur.cl\/index.php?rest_route=%2Fwp%2Fv2%2Fproduct_cat&post=421"},{"taxonomy":"product_tag","embeddable":true,"href":"https:\/\/presur.cl\/index.php?rest_route=%2Fwp%2Fv2%2Fproduct_tag&post=421"}],"curies":[{"name":"wp","href":"https:\/\/api.w.org\/{rel}","templated":true}]}}