{"id":459,"date":"2022-11-18T02:16:09","date_gmt":"2022-11-18T02:16:09","guid":{"rendered":"https:\/\/presur.cl\/?post_type=product&#038;p=459"},"modified":"2025-02-04T12:13:02","modified_gmt":"2025-02-04T12:13:02","slug":"459","status":"publish","type":"product","link":"https:\/\/presur.cl\/?product=459","title":{"rendered":"BANCA ICALMA RECTANGULAR"},"content":{"rendered":"<p><strong>MATERIAL:<\/strong> Hormig\u00f3n gran\u00edtico<\/p>\n<p><strong>ESTRUCTURA<\/strong>: Monolito armado<\/p>\n<p><strong>TERMINACI\u00d3N:<\/strong> Gran\u00edtico pulido<\/p>\n<p><strong>INSTALACI\u00d3N:<\/strong> Anclado con esp\u00e1rragos<\/p>\n<p><strong><a href=\"https:\/\/presur.cl\/wp-content\/uploads\/2022\/11\/BANCA-ICALMA-220-3.pdf\">ESPECIFICACI\u00d3N T\u00c9CNICA BANCA ICALMA 220<\/a><\/strong><\/p>\n<p><strong>PESO:<\/strong> 690 Kg. \/\u00a0<strong>DIMENSIONES<\/strong>: 220 x 60 x 45h Apr\u00f3x.<\/p>\n<p>&nbsp;<\/p>\n<p><strong><em><a href=\"https:\/\/presur.cl\/wp-content\/uploads\/2022\/11\/BANCA-ICALMA-360-2.pdf\">ESPECIFICAIC\u00d3N T\u00c9CNICA BANCA ICALMA 360<\/a><\/em><\/strong><\/p>\n<p><strong>PESO:<\/strong> 1500 Kg. \/\u00a0<strong>DIMENSIONES<\/strong>: 360 x 60 x 45h Apr\u00f3x.<\/p>\n","protected":false},"excerpt":{"rendered":"<p>MATERIAL: Hormig\u00f3n gran\u00edtico ESTRUCTURA: Monolito armado TERMINACI\u00d3N: Gran\u00edtico pulido INSTALACI\u00d3N: Anclado con esp\u00e1rragos ESPECIFICACI\u00d3N T\u00c9CNICA BANCA ICALMA 220 PESO: 690 Kg. \/\u00a0DIMENSIONES: 220 x 60 x 45h Apr\u00f3x. &nbsp; ESPECIFICAIC\u00d3N T\u00c9CNICA BANCA ICALMA 360 PESO: 1500 Kg. \/\u00a0DIMENSIONES: 360 x 60 x 45h Apr\u00f3x.<\/p>\n","protected":false},"featured_media":458,"template":"","meta":{"jetpack_publicize_message":"","jetpack_is_tweetstorm":false,"jetpack_publicize_feature_enabled":true,"jetpack_social_post_already_shared":false,"jetpack_social_options":{"image_generator_settings":{"template":"highway","enabled":false}}},"product_cat":[23],"product_tag":[],"jetpack_publicize_connections":[],"jetpack_sharing_enabled":true,"_links":{"self":[{"href":"https:\/\/presur.cl\/index.php?rest_route=\/wp\/v2\/product\/459"}],"collection":[{"href":"https:\/\/presur.cl\/index.php?rest_route=\/wp\/v2\/product"}],"about":[{"href":"https:\/\/presur.cl\/index.php?rest_route=\/wp\/v2\/types\/product"}],"version-history":[{"count":7,"href":"https:\/\/presur.cl\/index.php?rest_route=\/wp\/v2\/product\/459\/revisions"}],"predecessor-version":[{"id":2977,"href":"https:\/\/presur.cl\/index.php?rest_route=\/wp\/v2\/product\/459\/revisions\/2977"}],"wp:featuredmedia":[{"embeddable":true,"href":"https:\/\/presur.cl\/index.php?rest_route=\/wp\/v2\/media\/458"}],"wp:attachment":[{"href":"https:\/\/presur.cl\/index.php?rest_route=%2Fwp%2Fv2%2Fmedia&parent=459"}],"wp:term":[{"taxonomy":"product_cat","embeddable":true,"href":"https:\/\/presur.cl\/index.php?rest_route=%2Fwp%2Fv2%2Fproduct_cat&post=459"},{"taxonomy":"product_tag","embeddable":true,"href":"https:\/\/presur.cl\/index.php?rest_route=%2Fwp%2Fv2%2Fproduct_tag&post=459"}],"curies":[{"name":"wp","href":"https:\/\/api.w.org\/{rel}","templated":true}]}}