{"id":465,"date":"2022-11-18T02:33:16","date_gmt":"2022-11-18T02:33:16","guid":{"rendered":"https:\/\/presur.cl\/?post_type=product&#038;p=465"},"modified":"2024-05-08T14:29:35","modified_gmt":"2024-05-08T14:29:35","slug":"banca-individual-futrono","status":"publish","type":"product","link":"https:\/\/presur.cl\/?product=banca-individual-futrono","title":{"rendered":"BANCA INDIVIDUAL FUTRONO"},"content":{"rendered":"<p><strong>MATERIAL:<\/strong> Hormig\u00f3n gran\u00edtico<\/p>\n<p><strong>ESTRUCTURA<\/strong>: Monolito armado<\/p>\n<p><strong>TERMINACI\u00d3N:<\/strong> Gran\u00edtico pulido<\/p>\n<p><strong>INSTALACI\u00d3N:<\/strong> Anclado con esp\u00e1rragos<\/p>\n<p><strong>PESO:<\/strong> 115 Kg.<\/p>\n<p><strong>DIMENSIONES<\/strong>: 45 x 45 x 45h Apr\u00f3x.<\/p>\n<p><em><strong><a href=\"https:\/\/presur.cl\/wp-content\/uploads\/2022\/11\/BANCA-INDIVIDUAL-FUTRONO-1.pdf\">ESPECIFICACI\u00d3N T\u00c9CNICA_ BANCA INDIVIDUAL FUTRONO<\/a><\/strong><\/em><\/p>\n","protected":false},"excerpt":{"rendered":"<p>MATERIAL: Hormig\u00f3n gran\u00edtico ESTRUCTURA: Monolito armado TERMINACI\u00d3N: Gran\u00edtico pulido INSTALACI\u00d3N: Anclado con esp\u00e1rragos PESO: 115 Kg. DIMENSIONES: 45 x 45 x 45h Apr\u00f3x. ESPECIFICACI\u00d3N T\u00c9CNICA_ BANCA INDIVIDUAL FUTRONO<\/p>\n","protected":false},"featured_media":467,"template":"","meta":{"jetpack_publicize_message":"","jetpack_is_tweetstorm":false,"jetpack_publicize_feature_enabled":true,"jetpack_social_post_already_shared":false,"jetpack_social_options":{"image_generator_settings":{"template":"highway","enabled":false}}},"product_cat":[23],"product_tag":[],"jetpack_publicize_connections":[],"jetpack_sharing_enabled":true,"_links":{"self":[{"href":"https:\/\/presur.cl\/index.php?rest_route=\/wp\/v2\/product\/465"}],"collection":[{"href":"https:\/\/presur.cl\/index.php?rest_route=\/wp\/v2\/product"}],"about":[{"href":"https:\/\/presur.cl\/index.php?rest_route=\/wp\/v2\/types\/product"}],"version-history":[{"count":4,"href":"https:\/\/presur.cl\/index.php?rest_route=\/wp\/v2\/product\/465\/revisions"}],"predecessor-version":[{"id":2624,"href":"https:\/\/presur.cl\/index.php?rest_route=\/wp\/v2\/product\/465\/revisions\/2624"}],"wp:featuredmedia":[{"embeddable":true,"href":"https:\/\/presur.cl\/index.php?rest_route=\/wp\/v2\/media\/467"}],"wp:attachment":[{"href":"https:\/\/presur.cl\/index.php?rest_route=%2Fwp%2Fv2%2Fmedia&parent=465"}],"wp:term":[{"taxonomy":"product_cat","embeddable":true,"href":"https:\/\/presur.cl\/index.php?rest_route=%2Fwp%2Fv2%2Fproduct_cat&post=465"},{"taxonomy":"product_tag","embeddable":true,"href":"https:\/\/presur.cl\/index.php?rest_route=%2Fwp%2Fv2%2Fproduct_tag&post=465"}],"curies":[{"name":"wp","href":"https:\/\/api.w.org\/{rel}","templated":true}]}}