{"id":591,"date":"2022-11-18T15:30:37","date_gmt":"2022-11-18T15:30:37","guid":{"rendered":"https:\/\/presur.cl\/?post_type=product&#038;p=591"},"modified":"2025-10-24T18:08:06","modified_gmt":"2025-10-24T18:08:06","slug":"banca-villarrica-con-respaldo","status":"publish","type":"product","link":"https:\/\/presur.cl\/?product=banca-villarrica-con-respaldo","title":{"rendered":"BANCA VILLARRICA CON RESPALDO"},"content":{"rendered":"<p><strong>MATERIAL:<\/strong> Hormig\u00f3n gran\u00edtico<\/p>\n<p><strong>ESTRUCTURA<\/strong>: Monolito armado<\/p>\n<p><strong>TERMINACI\u00d3N:<\/strong> Gran\u00edtico pulido<\/p>\n<p><strong>INSTALACI\u00d3N:<\/strong> Anclado con esp\u00e1rragos<\/p>\n<p><strong>PESO:<\/strong> 460 Kg.<\/p>\n<p><strong>DIMENSIONES<\/strong>: 180 x 60 x 75h Apr\u00f3x.<\/p>\n<p><a href=\"https:\/\/presur.cl\/wp-content\/uploads\/2022\/11\/BANCA-VILLARRICA-CON-RESPALDO-HORMIGON-1-1.pdf\">ESPECIFICIACI\u00d3N T\u00c9CNICA BANCA VILLARRICA CON RESPALDO HORMIGON<\/a><\/p>\n","protected":false},"excerpt":{"rendered":"<p>MATERIAL: Hormig\u00f3n gran\u00edtico ESTRUCTURA: Monolito armado TERMINACI\u00d3N: Gran\u00edtico pulido INSTALACI\u00d3N: Anclado con esp\u00e1rragos PESO: 460 Kg. DIMENSIONES: 180 x 60 x 75h Apr\u00f3x. ESPECIFICIACI\u00d3N T\u00c9CNICA BANCA VILLARRICA CON RESPALDO HORMIGON<\/p>\n","protected":false},"featured_media":2169,"template":"","meta":{"jetpack_publicize_message":"","jetpack_is_tweetstorm":false,"jetpack_publicize_feature_enabled":true,"jetpack_social_post_already_shared":false,"jetpack_social_options":{"image_generator_settings":{"template":"highway","enabled":false}}},"product_cat":[23],"product_tag":[],"jetpack_publicize_connections":[],"jetpack_sharing_enabled":true,"_links":{"self":[{"href":"https:\/\/presur.cl\/index.php?rest_route=\/wp\/v2\/product\/591"}],"collection":[{"href":"https:\/\/presur.cl\/index.php?rest_route=\/wp\/v2\/product"}],"about":[{"href":"https:\/\/presur.cl\/index.php?rest_route=\/wp\/v2\/types\/product"}],"version-history":[{"count":7,"href":"https:\/\/presur.cl\/index.php?rest_route=\/wp\/v2\/product\/591\/revisions"}],"predecessor-version":[{"id":3337,"href":"https:\/\/presur.cl\/index.php?rest_route=\/wp\/v2\/product\/591\/revisions\/3337"}],"wp:featuredmedia":[{"embeddable":true,"href":"https:\/\/presur.cl\/index.php?rest_route=\/wp\/v2\/media\/2169"}],"wp:attachment":[{"href":"https:\/\/presur.cl\/index.php?rest_route=%2Fwp%2Fv2%2Fmedia&parent=591"}],"wp:term":[{"taxonomy":"product_cat","embeddable":true,"href":"https:\/\/presur.cl\/index.php?rest_route=%2Fwp%2Fv2%2Fproduct_cat&post=591"},{"taxonomy":"product_tag","embeddable":true,"href":"https:\/\/presur.cl\/index.php?rest_route=%2Fwp%2Fv2%2Fproduct_tag&post=591"}],"curies":[{"name":"wp","href":"https:\/\/api.w.org\/{rel}","templated":true}]}}