{"id":764,"date":"2022-11-21T21:26:15","date_gmt":"2022-11-21T21:26:15","guid":{"rendered":"https:\/\/presur.cl\/?post_type=product&#038;p=764"},"modified":"2024-05-13T16:08:26","modified_gmt":"2024-05-13T16:08:26","slug":"jardinera-presur-asiento-d180-3-piezas","status":"publish","type":"product","link":"https:\/\/presur.cl\/?product=jardinera-presur-asiento-d180-3-piezas","title":{"rendered":"JARDINERA PRESUR ASIENTO D180 3 PIEZAS"},"content":{"rendered":"<p><strong><span lang=\"ES\">MATERIAL:<\/span><\/strong><span lang=\"ES\"> Hormig\u00f3n gran\u00edtico<\/span><\/p>\n<p><strong><span lang=\"ES\">ESTRUCTURA<\/span><\/strong><span lang=\"ES\">: Monolito armado<\/span><\/p>\n<p><strong><span lang=\"ES\">TERMINACI\u00d3N:<\/span><\/strong><span lang=\"ES\"> Gran\u00edtico pulido\/ liso<\/span><\/p>\n<p><strong><span lang=\"ES\">INSTALACI\u00d3N:<\/span><\/strong><span lang=\"ES\"> Anclado con esp\u00e1rragos<\/span><\/p>\n<p><strong><span lang=\"ES\">PESO:<\/span><\/strong><span lang=\"ES\"> 1050 Kg.<\/span><\/p>\n<p><strong><span lang=\"ES\">DIMENSIONES<\/span><\/strong><span lang=\"ES\">: D180 x 45h Apr\u00f3x.<\/span><\/p>\n<p><strong>EMBALAJE: <\/strong>3 Pallet por jardinera<\/p>\n<p><a href=\"https:\/\/presur.cl\/wp-content\/uploads\/2022\/11\/JARDINERA-PRESUR-ASIENTO-D180-3-PIEZAS.pdf\">ESPECIFICACI\u00d3N T\u00c9CNICA_JARDINERA PRESUR ASIENTO D180 3 PIEZAS<\/a><\/p>\n","protected":false},"excerpt":{"rendered":"<p>MATERIAL: Hormig\u00f3n gran\u00edtico ESTRUCTURA: Monolito armado TERMINACI\u00d3N: Gran\u00edtico pulido\/ liso INSTALACI\u00d3N: Anclado con esp\u00e1rragos PESO: 1050 Kg. DIMENSIONES: D180 x 45h Apr\u00f3x. EMBALAJE: 3 Pallet por jardinera ESPECIFICACI\u00d3N T\u00c9CNICA_JARDINERA PRESUR ASIENTO D180 3 PIEZAS<\/p>\n","protected":false},"featured_media":1074,"template":"","meta":{"jetpack_publicize_message":"","jetpack_is_tweetstorm":false,"jetpack_publicize_feature_enabled":true,"jetpack_social_post_already_shared":false,"jetpack_social_options":{"image_generator_settings":{"template":"highway","enabled":false}}},"product_cat":[29],"product_tag":[],"jetpack_publicize_connections":[],"jetpack_sharing_enabled":true,"_links":{"self":[{"href":"https:\/\/presur.cl\/index.php?rest_route=\/wp\/v2\/product\/764"}],"collection":[{"href":"https:\/\/presur.cl\/index.php?rest_route=\/wp\/v2\/product"}],"about":[{"href":"https:\/\/presur.cl\/index.php?rest_route=\/wp\/v2\/types\/product"}],"version-history":[{"count":2,"href":"https:\/\/presur.cl\/index.php?rest_route=\/wp\/v2\/product\/764\/revisions"}],"predecessor-version":[{"id":2717,"href":"https:\/\/presur.cl\/index.php?rest_route=\/wp\/v2\/product\/764\/revisions\/2717"}],"wp:featuredmedia":[{"embeddable":true,"href":"https:\/\/presur.cl\/index.php?rest_route=\/wp\/v2\/media\/1074"}],"wp:attachment":[{"href":"https:\/\/presur.cl\/index.php?rest_route=%2Fwp%2Fv2%2Fmedia&parent=764"}],"wp:term":[{"taxonomy":"product_cat","embeddable":true,"href":"https:\/\/presur.cl\/index.php?rest_route=%2Fwp%2Fv2%2Fproduct_cat&post=764"},{"taxonomy":"product_tag","embeddable":true,"href":"https:\/\/presur.cl\/index.php?rest_route=%2Fwp%2Fv2%2Fproduct_tag&post=764"}],"curies":[{"name":"wp","href":"https:\/\/api.w.org\/{rel}","templated":true}]}}