{"id":896,"date":"2022-11-22T03:24:44","date_gmt":"2022-11-22T03:24:44","guid":{"rendered":"https:\/\/presur.cl\/?post_type=product&#038;p=896"},"modified":"2025-01-29T19:33:42","modified_gmt":"2025-01-29T19:33:42","slug":"protectores-de-arbol-carrera","status":"publish","type":"product","link":"https:\/\/presur.cl\/?product=protectores-de-arbol-carrera","title":{"rendered":"PROTECTORES DE \u00c1RBOL CARRERA"},"content":{"rendered":"<p>&nbsp;<\/p>\n<p><strong>MATERIAL:<\/strong> Hormig\u00f3n gran\u00edtico<\/p>\n<p><strong>ESTRUCTURA<\/strong>: Monolito armado<\/p>\n<p><strong>TERMINACI\u00d3N:<\/strong> Gran\u00edtico pulido\/ liso<\/p>\n<p><strong>INSTALACI\u00d3N:<\/strong> Anclado con esp\u00e1rragos<\/p>\n<p><b>PROTECCI\u00d3N:<\/b> Incluye sello anti-graffiti mate transparente<\/p>\n<p><b>EMBALAJE:<\/b> Sobre pallet (5unds. por cada pallet)<\/p>\n<p>&nbsp;<\/p>\n<p><strong>DIMENSIONES PROTECTORES DE \u00c1RBOL CARRERA<\/strong>: 100 x 100 x 15h Apr\u00f3x <strong>PESO:<\/strong> 160 Kg.<\/p>\n<p><a href=\"https:\/\/presur.cl\/wp-content\/uploads\/2022\/11\/PROTECTORES-DE-ARBOL-CARRERA-1.pdf\">ESPECIFICACI\u00d3N T\u00c9CNICA_ PROTECTORES DE \u00c1RBOL CARRERA<\/a><\/p>\n<p>&nbsp;<\/p>\n<p><strong>DIMENSIONES PROTECTORES DE \u00c1RBOL CARRERA120 <\/strong>: 120 x 120 x 15h Apr\u00f3x <strong>PESO:<\/strong> 220 Kg.<\/p>\n<p><a href=\"https:\/\/presur.cl\/wp-content\/uploads\/2022\/11\/PROTECTORES-DE-ARBOL-CARRERA-120.pdf\">ESPECIFICACI\u00d3NA T\u00c9CNICA_PROTECTORES DE ARBOL CARRERA 120<\/a><\/p>\n<p>&nbsp;<\/p>\n","protected":false},"excerpt":{"rendered":"<p>&nbsp; MATERIAL: Hormig\u00f3n gran\u00edtico ESTRUCTURA: Monolito armado TERMINACI\u00d3N: Gran\u00edtico pulido\/ liso INSTALACI\u00d3N: Anclado con esp\u00e1rragos PROTECCI\u00d3N: Incluye sello anti-graffiti mate transparente EMBALAJE: Sobre pallet (5unds. por cada pallet) &nbsp; DIMENSIONES PROTECTORES DE \u00c1RBOL CARRERA: 100 x 100 x 15h Apr\u00f3x PESO: 160 Kg. ESPECIFICACI\u00d3N T\u00c9CNICA_ PROTECTORES DE \u00c1RBOL CARRERA &nbsp; DIMENSIONES PROTECTORES DE \u00c1RBOL CARRERA120 [&hellip;]<\/p>\n","protected":false},"featured_media":900,"template":"","meta":{"jetpack_publicize_message":"","jetpack_is_tweetstorm":false,"jetpack_publicize_feature_enabled":true,"jetpack_social_post_already_shared":false,"jetpack_social_options":{"image_generator_settings":{"template":"highway","enabled":false}}},"product_cat":[38],"product_tag":[],"jetpack_publicize_connections":[],"jetpack_sharing_enabled":true,"_links":{"self":[{"href":"https:\/\/presur.cl\/index.php?rest_route=\/wp\/v2\/product\/896"}],"collection":[{"href":"https:\/\/presur.cl\/index.php?rest_route=\/wp\/v2\/product"}],"about":[{"href":"https:\/\/presur.cl\/index.php?rest_route=\/wp\/v2\/types\/product"}],"version-history":[{"count":5,"href":"https:\/\/presur.cl\/index.php?rest_route=\/wp\/v2\/product\/896\/revisions"}],"predecessor-version":[{"id":2968,"href":"https:\/\/presur.cl\/index.php?rest_route=\/wp\/v2\/product\/896\/revisions\/2968"}],"wp:featuredmedia":[{"embeddable":true,"href":"https:\/\/presur.cl\/index.php?rest_route=\/wp\/v2\/media\/900"}],"wp:attachment":[{"href":"https:\/\/presur.cl\/index.php?rest_route=%2Fwp%2Fv2%2Fmedia&parent=896"}],"wp:term":[{"taxonomy":"product_cat","embeddable":true,"href":"https:\/\/presur.cl\/index.php?rest_route=%2Fwp%2Fv2%2Fproduct_cat&post=896"},{"taxonomy":"product_tag","embeddable":true,"href":"https:\/\/presur.cl\/index.php?rest_route=%2Fwp%2Fv2%2Fproduct_tag&post=896"}],"curies":[{"name":"wp","href":"https:\/\/api.w.org\/{rel}","templated":true}]}}